Is 4015787 composite?
False
Is 10434863 prime?
True
Is 28795121 a prime number?
False
Is 179692441 a composite number?
False
Is 16470911 a prime number?
False
Is 256462679 composite?
True
Is 82952491 composite?
False
Is 7247839 a composite number?
False
Is 77241427 prime?
True
Is 31359659 prime?
True
Is 2034839 a composite number?
False
Is 8441293 prime?
False
Is 9967393 prime?
False
Is 17685287 prime?
False
Is 14402501 a composite number?
False
Is 470004811 composite?
True
Is 115691141 a prime number?
True
Is 65984561 a prime number?
True
Is 860540029 composite?
False
Is 7061473 a prime number?
True
Is 2605587 composite?
True
Is 35455831 a composite number?
True
Is 8362909 composite?
True
Is 22609151 composite?
True
Is 237156731 prime?
False
Is 57421283 prime?
False
Is 781068993 a composite number?
True
Is 69789131 composite?
True
Is 114646937 a composite number?
False
Is 192466787 a prime number?
True
Is 3627859 prime?
False
Is 162439059 composite?
True
Is 886153 composite?
True
Is 5541 composite?
True
Is 505547 a prime number?
False
Is 3159433 composite?
True
Is 44489 prime?
False
Is 30804281 a prime number?
False
Is 447935857 prime?
True
Is 20629082 a composite number?
True
Is 7830985 a composite number?
True
Is 1125665 prime?
False
Is 628232113 a prime number?
True
Is 74283377 composite?
True
Is 157037 composite?
False
Is 2031851 composite?
False
Is 11388161 composite?
False
Is 42149 composite?
True
Is 18139573 composite?
False
Is 69466039 composite?
False
Is 937702 composite?
True
Is 74603303 composite?
True
Is 1553803 a prime number?
True
Is 424039169 composite?
True
Is 21850421 composite?
True
Is 2280349 composite?
True
Is 14895691 a prime number?
True
Is 3412907 prime?
True
Is 143279431 prime?
True
Is 38923777 prime?
False
Is 5104699 composite?
False
Is 6804553 prime?
False
Is 110401649 a prime number?
True
Is 11064723 a composite number?
True
Is 1165627 a prime number?
False
Is 7896831 prime?
False
Is 89172841 prime?
False
Is 1270294 composite?
True
Is 5358161 prime?
False
Is 25354793 a composite number?
True
Is 75298693 prime?
True
Is 3900833 a prime number?
False
Is 4196167 prime?
True
Is 167529919 prime?
False
Is 229063 prime?
False
Is 11270963 a composite number?
True
Is 14913799 a composite number?
False
Is 1220459 a prime number?
False
Is 145016863 a prime number?
False
Is 2072647 a prime number?
True
Is 408785849 a prime number?
True
Is 10395097 prime?
False
Is 9289473 a prime number?
False
Is 11972381 a composite number?
True
Is 67680694 prime?
False
Is 2291057 a composite number?
True
Is 126294229 a prime number?
True
Is 5022971 a prime number?
True
Is 12574841 prime?
False
Is 347304661 a composite number?
True
Is 403603 a composite number?
False
Is 178973 a composite number?
False
Is 46893853 prime?
False
Is 12993469 composite?
True
Is 169079 a composite number?
False
Is 778779847 a composite number?
True
Is 33146755 prime?
False
Is 1560817 prime?
True
Is 11978833 a prime number?
False
Is 149536291 a composite number?
False
Is 40184399 prime?
True
Is 136553 composite?
True
Is 29892089 composite?
True
Is 17482427 a composite number?
True
Is 1815799 a prime number?
True
Is 31965653 a composite number?
True
Is 9406246 prime?
False
Is 82189967 a composite number?
False
Is 14899181 a composite number?
True
Is 10994587 a prime number?
False
Is 207163477 a prime number?
True
Is 469862783 a composite number?
True
Is 14134207 a composite number?
True
Is 61738387 prime?
False
Is 79418951 a prime number?
False
Is 11442587 a prime number?
False
Is 26369711 a composite number?
False
Is 10722377 composite?
True
Is 205902479 composite?
True
Is 3578951 a composite number?
False
Is 1988177 prime?
True
Is 55628761 a composite number?
False
Is 5441453 a prime number?
True
Is 7074523 composite?
False
Is 371560363 a prime number?
True
Is 18352171 prime?
False
Is 259931261 composite?
False
Is 266155 composite?
True
Is 1994947 prime?
True
Is 1763761 composite?
True
Is 30201 composite?
True
Is 31902802 prime?
False
Is 4848583 a prime number?
True
Is 100121181 prime?
False
Is 949381 a prime number?
True
Is 23910229 composite?
True
Is 75910463 a composite number?
True
Is 251 a prime number?
True
Is 135939057 a composite number?
True
Is 729851 a composite number?
False
Is 64165547 a composite number?
False
Is 23389987 composite?
False
Is 11397707 composite?
False
Is 8667349 composite?
False
Is 340327261 prime?
False
Is 27254993 a prime number?
True
Is 38353103 a prime number?
True
Is 76651913 a composite number?
True
Is 36326161 a prime number?
False
Is 63069493 prime?
False
Is 766442893 a composite number?
False
Is 9459041 a composite number?
False
Is 150729427 a composite number?
False
Is 176934731 prime?
False
Is 114017217 a prime number?
False
Is 16643437 prime?
False
Is 34739051 prime?
False
Is 11496854 prime?
False
Is 6218189 composite?
False
Is 297011041 a prime number?
True
Is 514561 prime?
True
Is 4363069 a composite number?
False
Is 9747067 a prime number?
False
Is 233437 composite?
False
Is 159851603 a prime number?
True
Is 153217619 composite?
False
Is 23098637 prime?
True
Is 76935973 a prime number?
True
Is 7108189 composite?
True
Is 10807859 composite?
False
Is 161153701 a prime number?
True
Is 1571807 composite?
False
Is 1734937 composite?
False
Is 1145029 composite?
True
Is 51427687 a composite number?
True
Is 4903901 composite?
False
Is 90440377 a prime number?
True
Is 682183 prime?
True
Is 53694427 prime?
True
Is 15878771 composite?
False
Is 889910842 prime?
False
Is 41389879 a composite number?
True
Is 108377299 a composite number?
False
Is 6791429 prime?
True
Is 8076157 a prime number?
True
Is 1397503461 a prime number?
False
Is 78604607 composite?
False
Is 90396763 composite?
False
Is 90881639 a composite number?
True
Is 203628869 composite?
True
Is 7603779 a composite number?
True
Is 246201001 a prime number?
True
Is 17069953 a prime number?
True
Is 3927449 composite?
False
Is 35022983 a composite number?
True
Is 584997053 a prime number?
True
Is 34284743 composite?
True
Is 28348147 a prime number?
False
Is 112313297 composite?
False
Is 35545261 prime?
False
Is 162367789 a prime number?
True
Is 202639 prime?
True
Is 90495329 composite?
False
Is 14689253 a prime number?
True
Is 486361 a composite number?
True
Is 723636799 a composite number?
False
Is 128174563 composite?
True
Is 180041755 composite?
True
Is 218951 prime?
False
Is 10390733 composite?
True
Is 3331331 a prime number?
True
Is 10744277 composite?
False
Is 4192691 prime?
False
Is 15824221 a composite number?
True
Is 1128031 composite?
False
Is 144479 a composite number?
False
Is 28271 a prime number?
False
Is 836267 composite?
False
Is 185959711 a prime number?
False
Is 7828033 composite?
False
Is 56193513 a composite number?
True
Is 731307 prime?
False
Is 113402713 composite?
False
Is 276127681 prime?
True
Is 4241491 a prime number?
False
Is 252513277 a prime number?
True
Is 22607989 prime?
True
Is 144051907 a prime number?
True
Is 402419 a prime number?
True
Is 78103063 a prime number?
False
Is 21518827 a composite number?
True
Is 191015173 a composite number?
False
Is 8730977 a prime number?
True
Is 30543211 a composite number?
True
Is 332598559 a composite number?
True
Is 24289091 a prime number?
False
Is 13644667 prime?
True
Is 22269458 composite?
True
Is 40472447 composite?
False
Is 1439693 composite?
False
Is 334284491 a composite number?
False
Is 9725927 composite?
True
Is 306954883 a prime number?
True
Is 30597097 composite?
True
Is 773957399 composite?
True
Is 1263569 a prime number?
True
Is 209957 composite?
True
Is 12962281 composite?
False
Is 34450583 composite?
True
Is 2131006 composite?
True
Is 113929 a prime number?
False
Is 126707605 a prime number?
False
Is 72953897 prime?
True
Is 14745437 a prime number?
False
Is 4006141 a composite number?
False
Is 114799721 composite?
False
Is 22599419 a prime number?
False
Is 2972873 a prime number?
False
Is 6666679 a composite number?
False
Is 88581 prime?
False
Is 14813299 a composite number?
False
Is 69022277 prime?
True
Is 31046611 a composite number?
True
Is 16562017 composite?
True
Is 180731 prime?
True
Is 2082631 prime?
True
Is 4103149 composite?
False
Is 5641189 composite?
False
Is 177383233 prime?
Fa